{"id":878,"date":"2020-06-23T16:05:15","date_gmt":"2020-06-23T13:05:15","guid":{"rendered":"https:\/\/lapua.fi\/kansalaisopisto\/?page_id=878"},"modified":"2025-10-31T10:43:26","modified_gmt":"2025-10-31T08:43:26","slug":"ilmoittautuminen","status":"publish","type":"page","link":"https:\/\/lapua.fi\/kansalaisopisto\/opiskelu-ja-ilmoittautuminen\/ilmoittautuminen\/","title":{"rendered":"Ilmoittautuminen"},"content":{"rendered":"","protected":false},"excerpt":{"rendered":"","protected":false},"author":1,"featured_media":0,"parent":1244,"menu_order":1,"comment_status":"closed","ping_status":"closed","template":"","meta":{"_acf_changed":false,"footnotes":""},"class_list":["post-878","page","type-page","status-publish","hentry"],"acf":[],"yoast_head":"<!-- This site is optimized with the Yoast SEO plugin v27.2 - https:\/\/yoast.com\/product\/yoast-seo-wordpress\/ -->\n<title>Ilmoittautuminen - Lapuan Kansalaisopisto<\/title>\n<meta name=\"description\" content=\"Netti-ilmoittautuminen on helppo ja nopea tapa varmistaa oma kurssipaikka. Ilmoittautua voi my\u00f6s soittamalla tai k\u00e4ym\u00e4ll\u00e4 toimistossamme.\" \/>\n<meta name=\"robots\" content=\"index, follow, max-snippet:-1, max-image-preview:large, max-video-preview:-1\" \/>\n<link rel=\"canonical\" href=\"https:\/\/lapua.fi\/kansalaisopisto\/opiskelu-ja-ilmoittautuminen\/ilmoittautuminen\/\" \/>\n<meta property=\"og:locale\" content=\"fi_FI\" \/>\n<meta property=\"og:type\" content=\"article\" \/>\n<meta property=\"og:title\" content=\"Ilmoittautuminen - Lapuan Kansalaisopisto\" \/>\n<meta property=\"og:description\" content=\"Netti-ilmoittautuminen on helppo ja nopea tapa varmistaa oma kurssipaikka. Ilmoittautua voi my\u00f6s soittamalla tai k\u00e4ym\u00e4ll\u00e4 toimistossamme.\" \/>\n<meta property=\"og:url\" content=\"https:\/\/lapua.fi\/kansalaisopisto\/opiskelu-ja-ilmoittautuminen\/ilmoittautuminen\/\" \/>\n<meta property=\"og:site_name\" content=\"Lapuan Kansalaisopisto\" \/>\n<meta property=\"article:publisher\" content=\"https:\/\/www.facebook.com\/lapuankansalaisopisto\/\" \/>\n<meta property=\"article:modified_time\" content=\"2025-10-31T08:43:26+00:00\" \/>\n<meta property=\"og:image\" content=\"https:\/\/lapua.fi\/kansalaisopisto\/wp-content\/uploads\/sites\/3\/2020\/08\/IMG_1741-scaled.jpg\" \/>\n\t<meta property=\"og:image:width\" content=\"2560\" \/>\n\t<meta property=\"og:image:height\" content=\"1707\" \/>\n\t<meta property=\"og:image:type\" content=\"image\/jpeg\" \/>\n<meta name=\"twitter:card\" content=\"summary_large_image\" \/>\n<meta name=\"twitter:site\" content=\"@lapuank\" \/>\n<meta name=\"twitter:label1\" content=\"Arvioitu lukuaika\" \/>\n\t<meta name=\"twitter:data1\" content=\"2 minuuttia\" \/>\n<script type=\"application\/ld+json\" class=\"yoast-schema-graph\">{\"@context\":\"https:\/\/schema.org\",\"@graph\":[{\"@type\":\"WebPage\",\"@id\":\"https:\/\/lapua.fi\/kansalaisopisto\/opiskelu-ja-ilmoittautuminen\/ilmoittautuminen\/\",\"url\":\"https:\/\/lapua.fi\/kansalaisopisto\/opiskelu-ja-ilmoittautuminen\/ilmoittautuminen\/\",\"name\":\"Ilmoittautuminen - Lapuan Kansalaisopisto\",\"isPartOf\":{\"@id\":\"https:\/\/lapua.fi\/kansalaisopisto\/#website\"},\"datePublished\":\"2020-06-23T13:05:15+00:00\",\"dateModified\":\"2025-10-31T08:43:26+00:00\",\"description\":\"Netti-ilmoittautuminen on helppo ja nopea tapa varmistaa oma kurssipaikka. Ilmoittautua voi my\u00f6s soittamalla tai k\u00e4ym\u00e4ll\u00e4 toimistossamme.\",\"breadcrumb\":{\"@id\":\"https:\/\/lapua.fi\/kansalaisopisto\/opiskelu-ja-ilmoittautuminen\/ilmoittautuminen\/#breadcrumb\"},\"inLanguage\":\"fi\",\"potentialAction\":[{\"@type\":\"ReadAction\",\"target\":[\"https:\/\/lapua.fi\/kansalaisopisto\/opiskelu-ja-ilmoittautuminen\/ilmoittautuminen\/\"]}]},{\"@type\":\"BreadcrumbList\",\"@id\":\"https:\/\/lapua.fi\/kansalaisopisto\/opiskelu-ja-ilmoittautuminen\/ilmoittautuminen\/#breadcrumb\",\"itemListElement\":[{\"@type\":\"ListItem\",\"position\":1,\"name\":\"Etusivu\",\"item\":\"https:\/\/lapua.fi\/kansalaisopisto\/\"},{\"@type\":\"ListItem\",\"position\":2,\"name\":\"Opiskelu ja ilmoittautuminen\",\"item\":\"https:\/\/lapua.fi\/kansalaisopisto\/opiskelu-ja-ilmoittautuminen\/\"},{\"@type\":\"ListItem\",\"position\":3,\"name\":\"Ilmoittautuminen\"}]},{\"@type\":\"WebSite\",\"@id\":\"https:\/\/lapua.fi\/kansalaisopisto\/#website\",\"url\":\"https:\/\/lapua.fi\/kansalaisopisto\/\",\"name\":\"Lapuan Kansalaisopisto\",\"description\":\"\",\"publisher\":{\"@id\":\"https:\/\/lapua.fi\/kansalaisopisto\/#organization\"},\"potentialAction\":[{\"@type\":\"SearchAction\",\"target\":{\"@type\":\"EntryPoint\",\"urlTemplate\":\"https:\/\/lapua.fi\/kansalaisopisto\/?s={search_term_string}\"},\"query-input\":{\"@type\":\"PropertyValueSpecification\",\"valueRequired\":true,\"valueName\":\"search_term_string\"}}],\"inLanguage\":\"fi\"},{\"@type\":\"Organization\",\"@id\":\"https:\/\/lapua.fi\/kansalaisopisto\/#organization\",\"name\":\"Lapuan Kansalaisopisto\",\"url\":\"https:\/\/lapua.fi\/kansalaisopisto\/\",\"logo\":{\"@type\":\"ImageObject\",\"inLanguage\":\"fi\",\"@id\":\"https:\/\/lapua.fi\/kansalaisopisto\/#\/schema\/logo\/image\/\",\"url\":\"https:\/\/lapua.fi\/kansalaisopisto\/wp-content\/uploads\/sites\/3\/2020\/08\/Kopio-tiedostosta-l\u00e4pin\u00e4kyv\u00e4-Lapuan-kansalaisopiston-tunnus.png\",\"contentUrl\":\"https:\/\/lapua.fi\/kansalaisopisto\/wp-content\/uploads\/sites\/3\/2020\/08\/Kopio-tiedostosta-l\u00e4pin\u00e4kyv\u00e4-Lapuan-kansalaisopiston-tunnus.png\",\"width\":2112,\"height\":809,\"caption\":\"Lapuan Kansalaisopisto\"},\"image\":{\"@id\":\"https:\/\/lapua.fi\/kansalaisopisto\/#\/schema\/logo\/image\/\"},\"sameAs\":[\"https:\/\/www.facebook.com\/lapuankansalaisopisto\/\",\"https:\/\/x.com\/lapuank\",\"https:\/\/www.instagram.com\/lapuankansalaisopisto\/\"]}]}<\/script>\n<!-- \/ Yoast SEO plugin. -->","yoast_head_json":{"title":"Ilmoittautuminen - Lapuan Kansalaisopisto","description":"Netti-ilmoittautuminen on helppo ja nopea tapa varmistaa oma kurssipaikka. Ilmoittautua voi my\u00f6s soittamalla tai k\u00e4ym\u00e4ll\u00e4 toimistossamme.","robots":{"index":"index","follow":"follow","max-snippet":"max-snippet:-1","max-image-preview":"max-image-preview:large","max-video-preview":"max-video-preview:-1"},"canonical":"https:\/\/lapua.fi\/kansalaisopisto\/opiskelu-ja-ilmoittautuminen\/ilmoittautuminen\/","og_locale":"fi_FI","og_type":"article","og_title":"Ilmoittautuminen - Lapuan Kansalaisopisto","og_description":"Netti-ilmoittautuminen on helppo ja nopea tapa varmistaa oma kurssipaikka. Ilmoittautua voi my\u00f6s soittamalla tai k\u00e4ym\u00e4ll\u00e4 toimistossamme.","og_url":"https:\/\/lapua.fi\/kansalaisopisto\/opiskelu-ja-ilmoittautuminen\/ilmoittautuminen\/","og_site_name":"Lapuan Kansalaisopisto","article_publisher":"https:\/\/www.facebook.com\/lapuankansalaisopisto\/","article_modified_time":"2025-10-31T08:43:26+00:00","og_image":[{"width":2560,"height":1707,"url":"https:\/\/lapua.fi\/kansalaisopisto\/wp-content\/uploads\/sites\/3\/2020\/08\/IMG_1741-scaled.jpg","type":"image\/jpeg"}],"twitter_card":"summary_large_image","twitter_site":"@lapuank","twitter_misc":{"Arvioitu lukuaika":"2 minuuttia"},"schema":{"@context":"https:\/\/schema.org","@graph":[{"@type":"WebPage","@id":"https:\/\/lapua.fi\/kansalaisopisto\/opiskelu-ja-ilmoittautuminen\/ilmoittautuminen\/","url":"https:\/\/lapua.fi\/kansalaisopisto\/opiskelu-ja-ilmoittautuminen\/ilmoittautuminen\/","name":"Ilmoittautuminen - Lapuan Kansalaisopisto","isPartOf":{"@id":"https:\/\/lapua.fi\/kansalaisopisto\/#website"},"datePublished":"2020-06-23T13:05:15+00:00","dateModified":"2025-10-31T08:43:26+00:00","description":"Netti-ilmoittautuminen on helppo ja nopea tapa varmistaa oma kurssipaikka. Ilmoittautua voi my\u00f6s soittamalla tai k\u00e4ym\u00e4ll\u00e4 toimistossamme.","breadcrumb":{"@id":"https:\/\/lapua.fi\/kansalaisopisto\/opiskelu-ja-ilmoittautuminen\/ilmoittautuminen\/#breadcrumb"},"inLanguage":"fi","potentialAction":[{"@type":"ReadAction","target":["https:\/\/lapua.fi\/kansalaisopisto\/opiskelu-ja-ilmoittautuminen\/ilmoittautuminen\/"]}]},{"@type":"BreadcrumbList","@id":"https:\/\/lapua.fi\/kansalaisopisto\/opiskelu-ja-ilmoittautuminen\/ilmoittautuminen\/#breadcrumb","itemListElement":[{"@type":"ListItem","position":1,"name":"Etusivu","item":"https:\/\/lapua.fi\/kansalaisopisto\/"},{"@type":"ListItem","position":2,"name":"Opiskelu ja ilmoittautuminen","item":"https:\/\/lapua.fi\/kansalaisopisto\/opiskelu-ja-ilmoittautuminen\/"},{"@type":"ListItem","position":3,"name":"Ilmoittautuminen"}]},{"@type":"WebSite","@id":"https:\/\/lapua.fi\/kansalaisopisto\/#website","url":"https:\/\/lapua.fi\/kansalaisopisto\/","name":"Lapuan Kansalaisopisto","description":"","publisher":{"@id":"https:\/\/lapua.fi\/kansalaisopisto\/#organization"},"potentialAction":[{"@type":"SearchAction","target":{"@type":"EntryPoint","urlTemplate":"https:\/\/lapua.fi\/kansalaisopisto\/?s={search_term_string}"},"query-input":{"@type":"PropertyValueSpecification","valueRequired":true,"valueName":"search_term_string"}}],"inLanguage":"fi"},{"@type":"Organization","@id":"https:\/\/lapua.fi\/kansalaisopisto\/#organization","name":"Lapuan Kansalaisopisto","url":"https:\/\/lapua.fi\/kansalaisopisto\/","logo":{"@type":"ImageObject","inLanguage":"fi","@id":"https:\/\/lapua.fi\/kansalaisopisto\/#\/schema\/logo\/image\/","url":"https:\/\/lapua.fi\/kansalaisopisto\/wp-content\/uploads\/sites\/3\/2020\/08\/Kopio-tiedostosta-l\u00e4pin\u00e4kyv\u00e4-Lapuan-kansalaisopiston-tunnus.png","contentUrl":"https:\/\/lapua.fi\/kansalaisopisto\/wp-content\/uploads\/sites\/3\/2020\/08\/Kopio-tiedostosta-l\u00e4pin\u00e4kyv\u00e4-Lapuan-kansalaisopiston-tunnus.png","width":2112,"height":809,"caption":"Lapuan Kansalaisopisto"},"image":{"@id":"https:\/\/lapua.fi\/kansalaisopisto\/#\/schema\/logo\/image\/"},"sameAs":["https:\/\/www.facebook.com\/lapuankansalaisopisto\/","https:\/\/x.com\/lapuank","https:\/\/www.instagram.com\/lapuankansalaisopisto\/"]}]}},"_links":{"self":[{"href":"https:\/\/lapua.fi\/kansalaisopisto\/wp-json\/wp\/v2\/pages\/878","targetHints":{"allow":["GET"]}}],"collection":[{"href":"https:\/\/lapua.fi\/kansalaisopisto\/wp-json\/wp\/v2\/pages"}],"about":[{"href":"https:\/\/lapua.fi\/kansalaisopisto\/wp-json\/wp\/v2\/types\/page"}],"author":[{"embeddable":true,"href":"https:\/\/lapua.fi\/kansalaisopisto\/wp-json\/wp\/v2\/users\/1"}],"replies":[{"embeddable":true,"href":"https:\/\/lapua.fi\/kansalaisopisto\/wp-json\/wp\/v2\/comments?post=878"}],"version-history":[{"count":4,"href":"https:\/\/lapua.fi\/kansalaisopisto\/wp-json\/wp\/v2\/pages\/878\/revisions"}],"predecessor-version":[{"id":2857,"href":"https:\/\/lapua.fi\/kansalaisopisto\/wp-json\/wp\/v2\/pages\/878\/revisions\/2857"}],"up":[{"embeddable":true,"href":"https:\/\/lapua.fi\/kansalaisopisto\/wp-json\/wp\/v2\/pages\/1244"}],"wp:attachment":[{"href":"https:\/\/lapua.fi\/kansalaisopisto\/wp-json\/wp\/v2\/media?parent=878"}],"curies":[{"name":"wp","href":"https:\/\/api.w.org\/{rel}","templated":true}]}}