{"id":2,"date":"2020-06-23T09:03:49","date_gmt":"2020-06-23T06:03:49","guid":{"rendered":"https:\/\/lapua.fi\/poutunkoulu\/?page_id=2"},"modified":"2022-09-30T15:54:23","modified_gmt":"2022-09-30T12:54:23","slug":"etusivu","status":"publish","type":"page","link":"https:\/\/lapua.fi\/poutunkoulu\/","title":{"rendered":"Etusivu"},"content":{"rendered":"\r\n<p>T\u00e4m\u00e4 on esimerkkisivu. Se eroaa artikkelista, sill\u00e4 se pysyy omalla paikallaan ja n\u00e4kyy sivustosi navigaatiossa (useimmissa teemoissa). Monet tekev\u00e4t ensimm\u00e4isen\u00e4 Tietoja-sivun, joka esittelee heid\u00e4t sivuston vierailijoille. Siihen voi kirjoittaa esimerkiksi jotain t\u00e4m\u00e4nkaltaista sis\u00e4lt\u00f6\u00e4:<\/p>\r\n\r\n\r\n\r\n<blockquote class=\"wp-block-quote is-layout-flow wp-block-quote-is-layout-flow\">\r\n<p>Tervehdys! P\u00e4iv\u00e4ty\u00f6kseni teen py\u00f6r\u00e4l\u00e4hetin hommia ja iltaisin toimin harrastelijateatterin parissa. N\u00e4m\u00e4 ovat minun ikiomat sivuni. Asun Paraisilla ja minulla on mahtava koira, jonka nimi on Jaakko. Pid\u00e4n pi\u00f1a colada -drinkeist\u00e4 ja sateen ropinasta peltikatolla.<\/p>\r\n<\/blockquote>\r\n\r\n\r\n\r\n<p>&#8230;tai jotain t\u00e4llaista:<\/p>\r\n\r\n\r\n\r\n<blockquote class=\"wp-block-quote is-layout-flow wp-block-quote-is-layout-flow\">\r\n<p>Hilavitkuttimet Oy perustettiin vuonna 1971 ja se on siit\u00e4 l\u00e4htien tuottanut asiakkailleen laadukkaita hilavitkuttimia. Yli 200 henkil\u00f6\u00e4 ty\u00f6llist\u00e4v\u00e4 Hilavitkuttimet Oy sijaitsee Salossa ja j\u00e4rjest\u00e4\u00e4 kaikenlaisia tempauksia paikallisen yhteis\u00f6n iloksi.<\/p>\r\n<\/blockquote>\r\n\r\n\r\n\r\n<p>Uutena WordPress-k\u00e4ytt\u00e4j\u00e4n\u00e4, sinun kannattaa menn\u00e4 <a href=\"https:\/\/lapua.fi\/poutunkoulu\/wp-admin\/\">ohjauspaneeliisi<\/a> poistaaksesi t\u00e4m\u00e4n sivun ja luodaksesi uusia sivuja sis\u00e4ll\u00f6llesi. Pid\u00e4 hauskaa!<\/p>\r\n","protected":false},"excerpt":{"rendered":"<p>T\u00e4m\u00e4 on esimerkkisivu. Se eroaa artikkelista, sill\u00e4 se pysyy omalla paikallaan ja n\u00e4kyy sivustosi navigaatiossa (useimmissa teemoissa). Monet tekev\u00e4t ensimm\u00e4isen\u00e4 Tietoja-sivun, joka esittelee heid\u00e4t sivuston vierailijoille. Siihen voi kirjoittaa esimerkiksi jotain t\u00e4m\u00e4nkaltaista sis\u00e4lt\u00f6\u00e4: Tervehdys! P\u00e4iv\u00e4ty\u00f6kseni teen py\u00f6r\u00e4l\u00e4hetin hommia ja iltaisin toimin harrastelijateatterin parissa. N\u00e4m\u00e4 ovat minun ikiomat sivuni. Asun Paraisilla ja minulla on mahtava koira, [&hellip;]<\/p>\n","protected":false},"author":1,"featured_media":0,"parent":0,"menu_order":0,"comment_status":"closed","ping_status":"closed","template":"","meta":{"_acf_changed":false,"footnotes":""},"class_list":["post-2","page","type-page","status-publish","hentry"],"acf":[],"yoast_head":"<!-- This site is optimized with the Yoast SEO plugin v27.2 - https:\/\/yoast.com\/product\/yoast-seo-wordpress\/ -->\n<title>Etusivu - Poutun koulu<\/title>\n<meta name=\"description\" content=\"Poutun koulu on kolmiopettajainen kyl\u00e4koulu l\u00e4hell\u00e4 Lapuan kaupungin keskustaa.\" \/>\n<meta name=\"robots\" content=\"index, follow, max-snippet:-1, max-image-preview:large, max-video-preview:-1\" \/>\n<link rel=\"canonical\" href=\"https:\/\/lapua.fi\/poutunkoulu\/\" \/>\n<meta property=\"og:locale\" content=\"fi_FI\" \/>\n<meta property=\"og:type\" content=\"article\" \/>\n<meta property=\"og:title\" content=\"Etusivu - Poutun koulu\" \/>\n<meta property=\"og:description\" content=\"Poutun koulu on kolmiopettajainen kyl\u00e4koulu l\u00e4hell\u00e4 Lapuan kaupungin keskustaa.\" \/>\n<meta property=\"og:url\" content=\"https:\/\/lapua.fi\/poutunkoulu\/\" \/>\n<meta property=\"og:site_name\" content=\"Poutun koulu\" \/>\n<meta property=\"article:modified_time\" content=\"2022-09-30T12:54:23+00:00\" \/>\n<meta property=\"og:image\" content=\"https:\/\/lapua.fi\/poutunkoulu\/wp-content\/uploads\/sites\/17\/2022\/09\/lapua_poutunkoulu_pellolta-1024x683.jpg\" \/>\n\t<meta property=\"og:image:width\" content=\"1024\" \/>\n\t<meta property=\"og:image:height\" content=\"683\" \/>\n\t<meta property=\"og:image:type\" content=\"image\/jpeg\" \/>\n<meta name=\"twitter:card\" content=\"summary_large_image\" \/>\n<meta name=\"twitter:label1\" content=\"Arvioitu lukuaika\" \/>\n\t<meta name=\"twitter:data1\" content=\"1 minuutti\" \/>\n<script type=\"application\/ld+json\" class=\"yoast-schema-graph\">{\"@context\":\"https:\/\/schema.org\",\"@graph\":[{\"@type\":\"WebPage\",\"@id\":\"https:\/\/lapua.fi\/poutunkoulu\/\",\"url\":\"https:\/\/lapua.fi\/poutunkoulu\/\",\"name\":\"Etusivu - Poutun koulu\",\"isPartOf\":{\"@id\":\"https:\/\/lapua.fi\/poutunkoulu\/#website\"},\"datePublished\":\"2020-06-23T06:03:49+00:00\",\"dateModified\":\"2022-09-30T12:54:23+00:00\",\"description\":\"Poutun koulu on kolmiopettajainen kyl\u00e4koulu l\u00e4hell\u00e4 Lapuan kaupungin keskustaa.\",\"breadcrumb\":{\"@id\":\"https:\/\/lapua.fi\/poutunkoulu\/#breadcrumb\"},\"inLanguage\":\"fi\",\"potentialAction\":[{\"@type\":\"ReadAction\",\"target\":[\"https:\/\/lapua.fi\/poutunkoulu\/\"]}]},{\"@type\":\"BreadcrumbList\",\"@id\":\"https:\/\/lapua.fi\/poutunkoulu\/#breadcrumb\",\"itemListElement\":[{\"@type\":\"ListItem\",\"position\":1,\"name\":\"Etusivu\",\"item\":\"https:\/\/lapua.fi\/poutunkoulu\/\"},{\"@type\":\"ListItem\",\"position\":2,\"name\":\"Etusivu\"}]},{\"@type\":\"WebSite\",\"@id\":\"https:\/\/lapua.fi\/poutunkoulu\/#website\",\"url\":\"https:\/\/lapua.fi\/poutunkoulu\/\",\"name\":\"Poutun koulu\",\"description\":\"\",\"publisher\":{\"@id\":\"https:\/\/lapua.fi\/poutunkoulu\/#organization\"},\"potentialAction\":[{\"@type\":\"SearchAction\",\"target\":{\"@type\":\"EntryPoint\",\"urlTemplate\":\"https:\/\/lapua.fi\/poutunkoulu\/?s={search_term_string}\"},\"query-input\":{\"@type\":\"PropertyValueSpecification\",\"valueRequired\":true,\"valueName\":\"search_term_string\"}}],\"inLanguage\":\"fi\"},{\"@type\":\"Organization\",\"@id\":\"https:\/\/lapua.fi\/poutunkoulu\/#organization\",\"name\":\"Poutun koulu\",\"url\":\"https:\/\/lapua.fi\/poutunkoulu\/\",\"logo\":{\"@type\":\"ImageObject\",\"inLanguage\":\"fi\",\"@id\":\"https:\/\/lapua.fi\/poutunkoulu\/#\/schema\/logo\/image\/\",\"url\":\"https:\/\/lapua.fi\/poutunkoulu\/wp-content\/uploads\/sites\/17\/2020\/06\/Lapuan_kaupunki_uusi_logoRGB300x71.png\",\"contentUrl\":\"https:\/\/lapua.fi\/poutunkoulu\/wp-content\/uploads\/sites\/17\/2020\/06\/Lapuan_kaupunki_uusi_logoRGB300x71.png\",\"width\":300,\"height\":71,\"caption\":\"Poutun koulu\"},\"image\":{\"@id\":\"https:\/\/lapua.fi\/poutunkoulu\/#\/schema\/logo\/image\/\"}}]}<\/script>\n<!-- \/ Yoast SEO plugin. -->","yoast_head_json":{"title":"Etusivu - Poutun koulu","description":"Poutun koulu on kolmiopettajainen kyl\u00e4koulu l\u00e4hell\u00e4 Lapuan kaupungin keskustaa.","robots":{"index":"index","follow":"follow","max-snippet":"max-snippet:-1","max-image-preview":"max-image-preview:large","max-video-preview":"max-video-preview:-1"},"canonical":"https:\/\/lapua.fi\/poutunkoulu\/","og_locale":"fi_FI","og_type":"article","og_title":"Etusivu - Poutun koulu","og_description":"Poutun koulu on kolmiopettajainen kyl\u00e4koulu l\u00e4hell\u00e4 Lapuan kaupungin keskustaa.","og_url":"https:\/\/lapua.fi\/poutunkoulu\/","og_site_name":"Poutun koulu","article_modified_time":"2022-09-30T12:54:23+00:00","og_image":[{"width":1024,"height":683,"url":"https:\/\/lapua.fi\/poutunkoulu\/wp-content\/uploads\/sites\/17\/2022\/09\/lapua_poutunkoulu_pellolta-1024x683.jpg","type":"image\/jpeg"}],"twitter_card":"summary_large_image","twitter_misc":{"Arvioitu lukuaika":"1 minuutti"},"schema":{"@context":"https:\/\/schema.org","@graph":[{"@type":"WebPage","@id":"https:\/\/lapua.fi\/poutunkoulu\/","url":"https:\/\/lapua.fi\/poutunkoulu\/","name":"Etusivu - Poutun koulu","isPartOf":{"@id":"https:\/\/lapua.fi\/poutunkoulu\/#website"},"datePublished":"2020-06-23T06:03:49+00:00","dateModified":"2022-09-30T12:54:23+00:00","description":"Poutun koulu on kolmiopettajainen kyl\u00e4koulu l\u00e4hell\u00e4 Lapuan kaupungin keskustaa.","breadcrumb":{"@id":"https:\/\/lapua.fi\/poutunkoulu\/#breadcrumb"},"inLanguage":"fi","potentialAction":[{"@type":"ReadAction","target":["https:\/\/lapua.fi\/poutunkoulu\/"]}]},{"@type":"BreadcrumbList","@id":"https:\/\/lapua.fi\/poutunkoulu\/#breadcrumb","itemListElement":[{"@type":"ListItem","position":1,"name":"Etusivu","item":"https:\/\/lapua.fi\/poutunkoulu\/"},{"@type":"ListItem","position":2,"name":"Etusivu"}]},{"@type":"WebSite","@id":"https:\/\/lapua.fi\/poutunkoulu\/#website","url":"https:\/\/lapua.fi\/poutunkoulu\/","name":"Poutun koulu","description":"","publisher":{"@id":"https:\/\/lapua.fi\/poutunkoulu\/#organization"},"potentialAction":[{"@type":"SearchAction","target":{"@type":"EntryPoint","urlTemplate":"https:\/\/lapua.fi\/poutunkoulu\/?s={search_term_string}"},"query-input":{"@type":"PropertyValueSpecification","valueRequired":true,"valueName":"search_term_string"}}],"inLanguage":"fi"},{"@type":"Organization","@id":"https:\/\/lapua.fi\/poutunkoulu\/#organization","name":"Poutun koulu","url":"https:\/\/lapua.fi\/poutunkoulu\/","logo":{"@type":"ImageObject","inLanguage":"fi","@id":"https:\/\/lapua.fi\/poutunkoulu\/#\/schema\/logo\/image\/","url":"https:\/\/lapua.fi\/poutunkoulu\/wp-content\/uploads\/sites\/17\/2020\/06\/Lapuan_kaupunki_uusi_logoRGB300x71.png","contentUrl":"https:\/\/lapua.fi\/poutunkoulu\/wp-content\/uploads\/sites\/17\/2020\/06\/Lapuan_kaupunki_uusi_logoRGB300x71.png","width":300,"height":71,"caption":"Poutun koulu"},"image":{"@id":"https:\/\/lapua.fi\/poutunkoulu\/#\/schema\/logo\/image\/"}}]}},"_links":{"self":[{"href":"https:\/\/lapua.fi\/poutunkoulu\/wp-json\/wp\/v2\/pages\/2","targetHints":{"allow":["GET"]}}],"collection":[{"href":"https:\/\/lapua.fi\/poutunkoulu\/wp-json\/wp\/v2\/pages"}],"about":[{"href":"https:\/\/lapua.fi\/poutunkoulu\/wp-json\/wp\/v2\/types\/page"}],"author":[{"embeddable":true,"href":"https:\/\/lapua.fi\/poutunkoulu\/wp-json\/wp\/v2\/users\/1"}],"replies":[{"embeddable":true,"href":"https:\/\/lapua.fi\/poutunkoulu\/wp-json\/wp\/v2\/comments?post=2"}],"version-history":[{"count":3,"href":"https:\/\/lapua.fi\/poutunkoulu\/wp-json\/wp\/v2\/pages\/2\/revisions"}],"predecessor-version":[{"id":2581,"href":"https:\/\/lapua.fi\/poutunkoulu\/wp-json\/wp\/v2\/pages\/2\/revisions\/2581"}],"wp:attachment":[{"href":"https:\/\/lapua.fi\/poutunkoulu\/wp-json\/wp\/v2\/media?parent=2"}],"curies":[{"name":"wp","href":"https:\/\/api.w.org\/{rel}","templated":true}]}}