{"id":1765,"date":"2021-01-22T14:44:22","date_gmt":"2021-01-22T12:44:22","guid":{"rendered":"https:\/\/lapua.fi\/taidekoulu\/?page_id=1765"},"modified":"2021-03-19T14:47:45","modified_gmt":"2021-03-19T12:47:45","slug":"lue-lisaa","status":"publish","type":"page","link":"https:\/\/lapua.fi\/taidekoulu\/lue-lisaa\/","title":{"rendered":"Lue lis\u00e4\u00e4"},"content":{"rendered":"","protected":false},"excerpt":{"rendered":"","protected":false},"author":21,"featured_media":0,"parent":0,"menu_order":0,"comment_status":"closed","ping_status":"closed","template":"","meta":{"_acf_changed":false,"footnotes":""},"class_list":["post-1765","page","type-page","status-publish","hentry"],"acf":[],"yoast_head":"<!-- This site is optimized with the Yoast SEO plugin v27.4 - https:\/\/yoast.com\/product\/yoast-seo-wordpress\/ -->\n<title>Lue lis\u00e4\u00e4 - Lapuan taidekoulu<\/title>\n<meta name=\"description\" content=\"Lue lis\u00e4\u00e4 tietoa taiteen perusopetuksesta ker\u00e4\u00e4miemme linkkien takaa l\u00f6ytyvilt\u00e4 verkkosivustoilta.\" \/>\n<meta name=\"robots\" content=\"index, follow, max-snippet:-1, max-image-preview:large, max-video-preview:-1\" \/>\n<link rel=\"canonical\" href=\"https:\/\/lapua.fi\/taidekoulu\/lue-lisaa\/\" \/>\n<meta property=\"og:locale\" content=\"fi_FI\" \/>\n<meta property=\"og:type\" content=\"article\" \/>\n<meta property=\"og:title\" content=\"Lue lis\u00e4\u00e4 - Lapuan taidekoulu\" \/>\n<meta property=\"og:description\" content=\"Lue lis\u00e4\u00e4 tietoa taiteen perusopetuksesta ker\u00e4\u00e4miemme linkkien takaa l\u00f6ytyvilt\u00e4 verkkosivustoilta.\" \/>\n<meta property=\"og:url\" content=\"https:\/\/lapua.fi\/taidekoulu\/lue-lisaa\/\" \/>\n<meta property=\"og:site_name\" content=\"Lapuan taidekoulu\" \/>\n<meta property=\"article:publisher\" content=\"https:\/\/www.facebook.com\/lapuankansalaisopisto\/\" \/>\n<meta property=\"article:modified_time\" content=\"2021-03-19T12:47:45+00:00\" \/>\n<meta property=\"og:image\" content=\"https:\/\/lapua.fi\/taidekoulu\/wp-content\/uploads\/sites\/6\/2020\/08\/IMG_1741-scaled.jpg\" \/>\n\t<meta property=\"og:image:width\" content=\"2560\" \/>\n\t<meta property=\"og:image:height\" content=\"1707\" \/>\n\t<meta property=\"og:image:type\" content=\"image\/jpeg\" \/>\n<meta name=\"twitter:card\" content=\"summary_large_image\" \/>\n<meta name=\"twitter:site\" content=\"@lapuank\" \/>\n<script type=\"application\/ld+json\" class=\"yoast-schema-graph\">{\"@context\":\"https:\\\/\\\/schema.org\",\"@graph\":[{\"@type\":\"WebPage\",\"@id\":\"https:\\\/\\\/lapua.fi\\\/taidekoulu\\\/lue-lisaa\\\/\",\"url\":\"https:\\\/\\\/lapua.fi\\\/taidekoulu\\\/lue-lisaa\\\/\",\"name\":\"Lue lis\u00e4\u00e4 - Lapuan taidekoulu\",\"isPartOf\":{\"@id\":\"https:\\\/\\\/lapua.fi\\\/taidekoulu\\\/#website\"},\"datePublished\":\"2021-01-22T12:44:22+00:00\",\"dateModified\":\"2021-03-19T12:47:45+00:00\",\"description\":\"Lue lis\u00e4\u00e4 tietoa taiteen perusopetuksesta ker\u00e4\u00e4miemme linkkien takaa l\u00f6ytyvilt\u00e4 verkkosivustoilta.\",\"breadcrumb\":{\"@id\":\"https:\\\/\\\/lapua.fi\\\/taidekoulu\\\/lue-lisaa\\\/#breadcrumb\"},\"inLanguage\":\"fi\",\"potentialAction\":[{\"@type\":\"ReadAction\",\"target\":[\"https:\\\/\\\/lapua.fi\\\/taidekoulu\\\/lue-lisaa\\\/\"]}]},{\"@type\":\"BreadcrumbList\",\"@id\":\"https:\\\/\\\/lapua.fi\\\/taidekoulu\\\/lue-lisaa\\\/#breadcrumb\",\"itemListElement\":[{\"@type\":\"ListItem\",\"position\":1,\"name\":\"Etusivu\",\"item\":\"https:\\\/\\\/lapua.fi\\\/taidekoulu\\\/\"},{\"@type\":\"ListItem\",\"position\":2,\"name\":\"Lue lis\u00e4\u00e4\"}]},{\"@type\":\"WebSite\",\"@id\":\"https:\\\/\\\/lapua.fi\\\/taidekoulu\\\/#website\",\"url\":\"https:\\\/\\\/lapua.fi\\\/taidekoulu\\\/\",\"name\":\"Lapuan taidekoulu\",\"description\":\"\",\"publisher\":{\"@id\":\"https:\\\/\\\/lapua.fi\\\/taidekoulu\\\/#organization\"},\"potentialAction\":[{\"@type\":\"SearchAction\",\"target\":{\"@type\":\"EntryPoint\",\"urlTemplate\":\"https:\\\/\\\/lapua.fi\\\/taidekoulu\\\/?s={search_term_string}\"},\"query-input\":{\"@type\":\"PropertyValueSpecification\",\"valueRequired\":true,\"valueName\":\"search_term_string\"}}],\"inLanguage\":\"fi\"},{\"@type\":\"Organization\",\"@id\":\"https:\\\/\\\/lapua.fi\\\/taidekoulu\\\/#organization\",\"name\":\"Lapuan Kansalaisopisto\",\"url\":\"https:\\\/\\\/lapua.fi\\\/taidekoulu\\\/\",\"logo\":{\"@type\":\"ImageObject\",\"inLanguage\":\"fi\",\"@id\":\"https:\\\/\\\/lapua.fi\\\/taidekoulu\\\/#\\\/schema\\\/logo\\\/image\\\/\",\"url\":\"https:\\\/\\\/lapua.fi\\\/taidekoulu\\\/wp-content\\\/uploads\\\/sites\\\/6\\\/2020\\\/08\\\/Kopio-tiedostosta-l\u00e4pin\u00e4kyv\u00e4-Lapuan-kansalaisopiston-tunnus.png\",\"contentUrl\":\"https:\\\/\\\/lapua.fi\\\/taidekoulu\\\/wp-content\\\/uploads\\\/sites\\\/6\\\/2020\\\/08\\\/Kopio-tiedostosta-l\u00e4pin\u00e4kyv\u00e4-Lapuan-kansalaisopiston-tunnus.png\",\"width\":2112,\"height\":809,\"caption\":\"Lapuan Kansalaisopisto\"},\"image\":{\"@id\":\"https:\\\/\\\/lapua.fi\\\/taidekoulu\\\/#\\\/schema\\\/logo\\\/image\\\/\"},\"sameAs\":[\"https:\\\/\\\/www.facebook.com\\\/lapuankansalaisopisto\\\/\",\"https:\\\/\\\/x.com\\\/lapuank\",\"https:\\\/\\\/www.instagram.com\\\/lapuankansalaisopisto\\\/\"]}]}<\/script>\n<!-- \/ Yoast SEO plugin. -->","yoast_head_json":{"title":"Lue lis\u00e4\u00e4 - Lapuan taidekoulu","description":"Lue lis\u00e4\u00e4 tietoa taiteen perusopetuksesta ker\u00e4\u00e4miemme linkkien takaa l\u00f6ytyvilt\u00e4 verkkosivustoilta.","robots":{"index":"index","follow":"follow","max-snippet":"max-snippet:-1","max-image-preview":"max-image-preview:large","max-video-preview":"max-video-preview:-1"},"canonical":"https:\/\/lapua.fi\/taidekoulu\/lue-lisaa\/","og_locale":"fi_FI","og_type":"article","og_title":"Lue lis\u00e4\u00e4 - Lapuan taidekoulu","og_description":"Lue lis\u00e4\u00e4 tietoa taiteen perusopetuksesta ker\u00e4\u00e4miemme linkkien takaa l\u00f6ytyvilt\u00e4 verkkosivustoilta.","og_url":"https:\/\/lapua.fi\/taidekoulu\/lue-lisaa\/","og_site_name":"Lapuan taidekoulu","article_publisher":"https:\/\/www.facebook.com\/lapuankansalaisopisto\/","article_modified_time":"2021-03-19T12:47:45+00:00","og_image":[{"width":2560,"height":1707,"url":"https:\/\/lapua.fi\/taidekoulu\/wp-content\/uploads\/sites\/6\/2020\/08\/IMG_1741-scaled.jpg","type":"image\/jpeg"}],"twitter_card":"summary_large_image","twitter_site":"@lapuank","schema":{"@context":"https:\/\/schema.org","@graph":[{"@type":"WebPage","@id":"https:\/\/lapua.fi\/taidekoulu\/lue-lisaa\/","url":"https:\/\/lapua.fi\/taidekoulu\/lue-lisaa\/","name":"Lue lis\u00e4\u00e4 - Lapuan taidekoulu","isPartOf":{"@id":"https:\/\/lapua.fi\/taidekoulu\/#website"},"datePublished":"2021-01-22T12:44:22+00:00","dateModified":"2021-03-19T12:47:45+00:00","description":"Lue lis\u00e4\u00e4 tietoa taiteen perusopetuksesta ker\u00e4\u00e4miemme linkkien takaa l\u00f6ytyvilt\u00e4 verkkosivustoilta.","breadcrumb":{"@id":"https:\/\/lapua.fi\/taidekoulu\/lue-lisaa\/#breadcrumb"},"inLanguage":"fi","potentialAction":[{"@type":"ReadAction","target":["https:\/\/lapua.fi\/taidekoulu\/lue-lisaa\/"]}]},{"@type":"BreadcrumbList","@id":"https:\/\/lapua.fi\/taidekoulu\/lue-lisaa\/#breadcrumb","itemListElement":[{"@type":"ListItem","position":1,"name":"Etusivu","item":"https:\/\/lapua.fi\/taidekoulu\/"},{"@type":"ListItem","position":2,"name":"Lue lis\u00e4\u00e4"}]},{"@type":"WebSite","@id":"https:\/\/lapua.fi\/taidekoulu\/#website","url":"https:\/\/lapua.fi\/taidekoulu\/","name":"Lapuan taidekoulu","description":"","publisher":{"@id":"https:\/\/lapua.fi\/taidekoulu\/#organization"},"potentialAction":[{"@type":"SearchAction","target":{"@type":"EntryPoint","urlTemplate":"https:\/\/lapua.fi\/taidekoulu\/?s={search_term_string}"},"query-input":{"@type":"PropertyValueSpecification","valueRequired":true,"valueName":"search_term_string"}}],"inLanguage":"fi"},{"@type":"Organization","@id":"https:\/\/lapua.fi\/taidekoulu\/#organization","name":"Lapuan Kansalaisopisto","url":"https:\/\/lapua.fi\/taidekoulu\/","logo":{"@type":"ImageObject","inLanguage":"fi","@id":"https:\/\/lapua.fi\/taidekoulu\/#\/schema\/logo\/image\/","url":"https:\/\/lapua.fi\/taidekoulu\/wp-content\/uploads\/sites\/6\/2020\/08\/Kopio-tiedostosta-l\u00e4pin\u00e4kyv\u00e4-Lapuan-kansalaisopiston-tunnus.png","contentUrl":"https:\/\/lapua.fi\/taidekoulu\/wp-content\/uploads\/sites\/6\/2020\/08\/Kopio-tiedostosta-l\u00e4pin\u00e4kyv\u00e4-Lapuan-kansalaisopiston-tunnus.png","width":2112,"height":809,"caption":"Lapuan Kansalaisopisto"},"image":{"@id":"https:\/\/lapua.fi\/taidekoulu\/#\/schema\/logo\/image\/"},"sameAs":["https:\/\/www.facebook.com\/lapuankansalaisopisto\/","https:\/\/x.com\/lapuank","https:\/\/www.instagram.com\/lapuankansalaisopisto\/"]}]}},"_links":{"self":[{"href":"https:\/\/lapua.fi\/taidekoulu\/wp-json\/wp\/v2\/pages\/1765","targetHints":{"allow":["GET"]}}],"collection":[{"href":"https:\/\/lapua.fi\/taidekoulu\/wp-json\/wp\/v2\/pages"}],"about":[{"href":"https:\/\/lapua.fi\/taidekoulu\/wp-json\/wp\/v2\/types\/page"}],"author":[{"embeddable":true,"href":"https:\/\/lapua.fi\/taidekoulu\/wp-json\/wp\/v2\/users\/21"}],"replies":[{"embeddable":true,"href":"https:\/\/lapua.fi\/taidekoulu\/wp-json\/wp\/v2\/comments?post=1765"}],"version-history":[{"count":3,"href":"https:\/\/lapua.fi\/taidekoulu\/wp-json\/wp\/v2\/pages\/1765\/revisions"}],"predecessor-version":[{"id":1881,"href":"https:\/\/lapua.fi\/taidekoulu\/wp-json\/wp\/v2\/pages\/1765\/revisions\/1881"}],"wp:attachment":[{"href":"https:\/\/lapua.fi\/taidekoulu\/wp-json\/wp\/v2\/media?parent=1765"}],"curies":[{"name":"wp","href":"https:\/\/api.w.org\/{rel}","templated":true}]}}